?
13
Let c be 2 - (-25 - 0 - -2). Suppose 4*q = -q + c. Suppose -26 = -2*p - 4*t, 3*p + 19 = -q*t + 59. Calculate the greatest common factor of p and 135.
15
Let h(v) be the first derivative of -v**2/2 + 12*v - 32. Let k be h(-15). What is the greatest common divisor of 3 and k?
3
Let s(q) = 17 + 5*q - 3*q**2 - 18 + 3*q**3 - q**3. Let y be s(2). Let z(f) = -4*f + 3. Let i be z(-9). What is the highest common factor of i and y?
13
Suppose 3*g - 230 = 4*w, -4*w + 327 = 3*g + 89. What is the greatest common divisor of g and 9?
3
Let t = 147 - 117. What is the highest common factor of 150 and t?
30
Let t be 1/1 - 0 - -65. Let c be 28/(-210) + 94/30. Suppose c + 3 = a. What is the greatest common divisor of a and t?
6
Let b = -3 - -5. Let s = -244 - -267. Let a = b + s. Calculate the greatest common factor of a and 10.
5
Suppose 0 = -3*u - 2*v - 77 - 141, u - 5*v = -84. Let p = -39 - u. Calculate the highest common divisor of p and 5.
5
Let w(k) = 14*k**2 - 10*k + 14. Let r be w(-8). Calculate the greatest common factor of r and 36.
18
Let l be 6/(-33) + 4 + (-272)/(-44). Calculate the greatest common divisor of l and 110.
10
Suppose 4*v + 50 = 3*f, -f - 32 = -3*f + 2*v. Let w = f - -34. What is the greatest common divisor of w and 6?
6
Let t(o) = 11*o**2 - 7*o + 3. Let r be t(5). Let y be 434/16 + 17/(-136). Calculate the greatest common factor of y and r.
27
Let b = 8 + -3. Let u(m) = 11*m**3 - m**2 + m - 1. Let t = 9 - 8. Let o be u(t). What is the greatest common factor of o and b?
5
Let s = 66 + -17. Suppose 5*t - 192 = -4*q, -2*q - 2*t + 47 = -s. Calculate the highest common divisor of q and 120.
24
Let n = 340 + -40. Let q = -12 + n. Calculate the greatest common factor of q and 32.
32
Let q be ((-4)/6)/(74/(-6216)). What is the highest common factor of q and 854?
14
Let u = -1628 - -1644. Calculate the greatest common divisor of u and 1184.
16
Let x = 474 + -811. Let w = -190 - x. Calculate the greatest common divisor of 21 and w.
21
Let c be (-392)/(-5)*(-8 - 63/(-6)). Calculate the highest common factor of c and 4.
4
Let h(z) = -z**2 + 15*z + 35. Let l = -20 - -35. Let r be h(l). Let p(u) = u + 8. Let x be p(6). What is the greatest common factor of r and x?
7
Let n be 164/14 + (-10)/(-35). Calculate the greatest common divisor of 48 and n.
12
Let b be (-690)/(-207)*(-48)/(-5). What is the greatest common divisor of b and 2384?
16
Suppose -308 = -6*a - 5*a. Let f = a - -12. Suppose -3*o + 6 = -9. What is the greatest common factor of f and o?
5
Suppose 45 = -7*h + 192. Let o = -589 - -1030. Suppose 0*c - 3*c = -o. Calculate the highest common divisor of c and h.
21
Let a(n) = -59*n - 45. Let f be a(-15). What is the highest common divisor of 24 and f?
24
Let f = -404 - -425. Calculate the highest common divisor of 525 and f.
21
Suppose 8*o = o. Suppose o = -7*v + 2*v + 760. Suppose 5*m + f + 0*f - 149 = 0, 5*m - 2*f = v. Calculate the highest common factor of 120 and m.
30
Let g be 2*2/4 + 37. Suppose -8244*k = -8230*k - 3724. Calculate the highest common factor of g and k.
38
Suppose -382 = 6*u - 994. Calculate the highest common factor of 357 and u.
51
Suppose -3*u + 42 = -f, -10*f - 18 = -u - 11*f. What is the highest common divisor of u and 135?
15
Let q(i) = 6*i + 133. Let k be q(-17). Calculate the greatest common divisor of k and 682.
31
Suppose -5*m = -3*w + 151, 0 = 5*w - 7*m + 4*m - 225. Suppose -2*g - 91 = -103. Calculate the greatest common factor of g and w.
6
Let b(s) = -s - 5. Let w be b(-11). Suppose 75 = 11*u - w*u. Let z be 230/u - (-2)/3. Calculate the highest common divisor of 40 and z.
8
Let q = 7 - -7. Suppose -4*l + 2 = -q. Calculate the highest common divisor of 8 and l.
4
Suppose j + 5*r - 32 = -2, -5*j - 3*r = -84. Let w be (6*1)/(4/110). Calculate the highest common divisor of w and j.
15
Suppose 0 = -4*r + 2 + 2, 5*a = -4*r - 256. Let l be 33*(-44)/(-12) + -4. Let c = a + l. Calculate the highest common factor of c and 26.
13
Let g(k) = k**3 - 4*k**2 + 5*k - 3. Let z be g(3). Suppose -z*t + 6*t = 36. Suppose -c = t - 38. Calculate the highest common factor of c and 13.
13
Let j be -1*4/(12/(-93)). What is the greatest common factor of j and 279?
31
Suppose -5*v + 12 = -v. Suppose 252 = 3*h + v*j, -h - 2*j - 3*j + 96 = 0. Calculate the highest common factor of 9 and h.
9
Suppose -4*w - 13 = -29. Suppose 2*b - 14 = -w*x, -b - 2*b = -5*x + 1. What is the highest common factor of 4 and x?
2
Let a = 264 - 179. Suppose -2*z + 3*t + 74 = 0, -5*t + 30 = 5*z - 130. What is the greatest common factor of a and z?
17
Let k(l) = -8*l**3 + 2*l**2 + 36*l + 14. Let z be k(-8). Calculate the highest common divisor of z and 25.
25
Suppose -4*q = -0*n - 3*n + 2, 3*q + 39 = -4*n. Let f be (20/3)/((-2)/n). Let j(d) = -7*d + 34. Let u be j(-18). What is the greatest common divisor of f and u?
20
Suppose 2*f - 5*b = 104, -5*f - b + 75 = -212. Calculate the greatest common factor of f and 228.
57
Let a be (-36 + (-7 - -3))/(1/(-1)). Suppose -1 + a = 13*m. Calculate the greatest common divisor of m and 9.
3
Suppose 3*s - 334 = -5*v, 5*s + 4*v - 150 - 398 = 0. Let l be s/(-16)*(0 - 88/3). What is the highest common factor of 33 and l?
33
Suppose 4*l = 16 - 64. Let g be (-57)/l + (-3)/4. Let f = 11 - g. What is the greatest common divisor of 21 and f?
7
Let y be (198/(-4))/(-11)*2. Calculate the greatest common factor of 18 and y.
9
Let n = -43 - -43. Suppose n = -10*d + 8*d + 2. Calculate the highest common divisor of d and 11.
1
Let x be ((-135)/10)/(-9)*18. Suppose -5*f - 20 + 110 = 0. Calculate the greatest common divisor of x and f.
9
Suppose 0 = 2*n - 138 - 54. Let k(m) = -46*m**3 - m**2 + 1. Let o be k(1). Let s = n + o. Calculate the highest common factor of s and 10.
10
Suppose 5*j + 9 = 4. Let s be j/(2/(-18)) - 3. Suppose 3*w - 31 - 17 = -3*c, 0 = -5*c - 10. Calculate the greatest common factor of w and s.
6
Suppose 6 = 5*i - 4. Suppose h - 2*d + 3 = 0, -4*d + 5*d = -i*h + 4. Calculate the highest common divisor of h and 1.
1
Let b(q) = -10*q - 1. Let k be b(-1). Suppose -k - 16 = -5*s. Suppose 10 = -5*l, p - s*p = 2*l - 56. Calculate the greatest common divisor of 10 and p.
5
Let j = 146 + -83. Suppose 0 = 4*u - 3 - 9. Let a be (-68)/(-8) + u/6. Calculate the greatest common divisor of a and j.
9
Let m be (-2)/4 - 975/(-26). Suppose -113 = -5*p + m. What is the highest common divisor of 45 and p?
15
Let o be (-2 + 0/1)/((-48)/72). Let b = 63 + -30. Calculate the highest common factor of b and o.
3
Let z(q) = -2*q**2 - 22*q - 10. Let a be z(-10). Calculate the highest common factor of a and 5.
5
Let v(r) = 4*r + 17. Let d be v(-2). Let x = -7 - -4. Let w be 1/(-3*1/x). Calculate the greatest common factor of w and d.
1
Suppose -a - 3*a - 16 = 0, 1762 = 3*m + 5*a. What is the greatest common factor of m and 54?
54
Let l be -28 - 3*3/(-9). Let n be 426/27 + (-6)/l. Calculate the highest common divisor of 8 and n.
8
Suppose 4*o = -29*g + 31*g + 2690, 0 = 3*o + 5*g - 2011. What is the highest common divisor of o and 21?
21
Let g = -70 + 88. What is the greatest common divisor of g and 42?
6
Let j = -4 + 2. Let y = j + 5. Suppose -y*c = -28 - 14. Calculate the highest common factor of c and 42.
14
Let r = -31 + 34. Suppose -12 = -n - q - 3, 2*q - 32 = -r*n. Calculate the highest common factor of n and 154.
14
Suppose 0*w = -4*w + 56. Let n = -251 - -68. Let x = 337 + n. Calculate the highest common factor of x and w.
14
Let n(f) = f + 45. Let m be n(5). What is the highest common factor of m and 50?
50
Let a(j) = j**3 + 13*j**2 - 33*j - 179. Let v be a(-9). Calculate the highest common factor of v and 130.
26
Suppose -12 = 3*l + 3*h, 2*l - 2*h = -h - 11. Let p = -1 - l. Let f = p + 8. Calculate the highest common divisor of 24 and f.
12
Suppose -2*t + 4 = 3*q, 4*t + 5*q = 2*t. Suppose 4*a + 376 = 5*l, l - 2*l + 80 = -2*a. Let p = l - 22. What is the highest common divisor of p and t?
5
Suppose -24 = -4*k - 12. Suppose -28 + 108 = k*s + j, -60 = -2*s - 2*j. Calculate the greatest common divisor of s and 5.
5
Let d = 114 - 111. Let b be (33/(-6) + d)*48/(-20). Calculate the greatest common divisor of 4 and b.
2
Let o = 223 - 73. Let v(x) = -x**2 + 4*x + 15. Let c be v(0). Calculate the greatest common divisor of c and o.
15
Let 